 be ((-3)/3)/1*0. Let a be 3*(33 - (x - 2)). Let y = -25 + a. What is the greatest common divisor of 10 and y?
10
Let i(f) = -f**3 + 18*f**2 + 46*f - 51. Let v be i(20). What is the highest common divisor of 138 and v?
69
Suppose -261 + 225 = -12*x. Calculate the highest common divisor of 147 and x.
3
Suppose -2*a + 5*s = -13, -3*s = -2*a - 2*s + 17. What is the greatest common divisor of a and 576?
9
Suppose 3*l - 77 - 118 = 0. Calculate the greatest common factor of l and 377.
13
Let t = 14 - 14. Suppose t = -f + 7 - 3. What is the greatest common divisor of 32 and f?
4
Suppose 12*t = 9*t + 51. Suppose 68 = 2*w + 2*h, 0*w + 5*w = 3*h + 170. Calculate the highest common divisor of t and w.
17
Let p(t) = t**3 + 16*t**2 - 2*t + 25. Let y be p(-16). Let k be 861/y - 2/19. Calculate the highest common factor of k and 15.
15
Suppose 279*f - 115 = 274*f. Suppose -5*c + 2*c + 483 = 0. What is the greatest common factor of c and f?
23
Let s be ((-43)/2 + 0)*-14 - 4. What is the greatest common divisor of 99 and s?
99
Suppose -19 = 4*b - 5*l, -9 = 2*b - 2*l - 1. Let w = 106 + b. Let d be (4/12)/((-3)/(-135)). What is the greatest common divisor of w and d?
15
Let l be (-4)/14 + 1824/112. What is the greatest common factor of l and 8?
8
Let f(r) = -r**2 + 7*r - 7. Let p be f(5). Suppose -5*q + 43 = -b, -p*q - 5*b - 26 = -7*q. Calculate the greatest common factor of q and 9.
9
Let v = -1 + 6. Let o be -1 + 2 + -2 + v. Suppose -3*x = -o*x + 23. Calculate the highest common divisor of x and 23.
23
Suppose -2*h - 72 = -6*h. Suppose 14 = -2*v - y, y = v + v + h. Let i(u) = u**2 + 7*u - 3. Let m be i(v). What is the greatest common factor of m and 10?
5
Let w = -12 + 20. Let i(x) be the first derivative of 22*x**3/3 + 2*x**2 + 8*x + 38. Let k be i(-2). Calculate the greatest common divisor of k and w.
8
Suppose 0 = -60*j + 560 + 4060. Calculate the highest common divisor of 275 and j.
11
Suppose -5*v = 2*d - 54, -5*d = 4*v + v - 150. Suppose -l - d = -3*l. What is the highest common factor of 8 and l?
8
Suppose -3*b - 2 = -14. Suppose -80 = -4*u - b*p, -2*u = -3*u - 3*p + 14. Let q be u/(-5)*(-6 - -1). Calculate the greatest common divisor of 161 and q.
23
Let w(o) = -o**3 + 14*o**2 - 10*o - 24. Suppose -52 = -4*x + 2*i + 2*i, x - 3*i = 13. Let n be w(x). Calculate the highest common factor of n and 10.
5
Let n(c) = 116*c + 44. Let o be n(2). Calculate the greatest common factor of o and 24.
12
Suppose -44 = -5*g + 86. Suppose 9*v - 11*v = 70. Let a = 74 + v. What is the greatest common divisor of g and a?
13
Let k(v) = v**2 + 22*v + 91. Let x be k(-18). What is the greatest common factor of x and 247?
19
Let d(y) be the first derivative of -3*y**2/2 + 3*y + 2. Suppose 4*f + 3 = -13. Let b be d(f). Calculate the highest common divisor of b and 30.
15
Let a(t) = -3*t + 393. Let y be a(35). What is the greatest common divisor of y and 12?
12
Suppose 21*o = 33*o - 7068. Calculate the greatest common factor of o and 31.
31
Let g = -8 + 11. Let v be g + 1 + -7 - -17. Calculate the highest common divisor of v and 14.
14
Let l = -244 - -265. What is the highest common divisor of 35 and l?
7
Let k(h) = -7*h + 9. Let j be k(-24). What is the highest common factor of j and 59?
59
Suppose 3*f - 63 = k, k = -f + 3*k + 16. Let l = 140 + 36. What is the greatest common factor of f and l?
22
Let n be 1019/4 - ((-270)/24 - -10). Let b(w) = -w**3 + 8*w**2 - 6*w - 4. Let k be b(6). What is the greatest common factor of k and n?
32
Let g(b) = -b**3 - 25*b**2 - 23*b + 34. Let y be g(-24). Let h(l) = 3*l**2 - 5*l + 2. Let k be h(6). Calculate the greatest common factor of k and y.
10
Let a(z) = -4*z - 4. Let w(j) = j. Let u(v) = a(v) + 5*w(v). Let k be u(-7). Let s = k + 21. Calculate the greatest common factor of 25 and s.
5
Suppose -4*j = 14*b - 10*b - 3976, 3*j - 998 = -b. Calculate the greatest common factor of b and 62.
62
Let a = -1046 + 1990. What is the highest common factor of a and 16?
16
Suppose -5*f - 3*s + 71 = 0, 31*f - 29*f = s + 35. What is the highest common factor of 848 and f?
16
Let l = 709 + -557. Calculate the greatest common divisor of l and 133.
19
Let n(w) = -2*w**2 + 37*w + 4. Let l be n(18). Suppose 5*b + 5*d = 50, 5*d - 18 = 2*b - 45. Calculate the highest common factor of l and b.
11
Suppose -34*a + 28*a = -1860. What is the highest common divisor of 62 and a?
62
Suppose 49*f - 21*f = 392. Calculate the greatest common divisor of f and 1134.
14
Suppose -8*c + 170 = 554. Let q = c + 72. Suppose -4*y = 4*h - 228, -h + 0*h + 4*y + 72 = 0. Calculate the greatest common divisor of q and h.
12
Suppose -111 = -3*j - 30. Let p = -266 + 247. Let n = j + p. What is the highest common divisor of n and 1?
1
Let i = -44 - -74. Suppose -3*o = -5*n - 36, o = -0*o + 4*n + 12. What is the greatest common divisor of i and o?
6
Suppose -4*t - 2 = -22, -3*l + 2*t + 11 = 0. Suppose 2*s = -3*v + 195, 3*v - 5*v = -2*s - 120. Calculate the greatest common divisor of v and l.
7
Let n = 374 - 350. What is the greatest common divisor of n and 16?
8
Let s(a) = -a - 2. Let m be s(-1). Let q(z) be the first derivative of -4*z**2 - z - 43. Let b be q(m). Calculate the highest common factor of b and 1.
1
Let x(y) = -6*y**2 + 0 + 2 - 2*y**3 + 3*y**3 + y**2 + 3*y. Let r be x(5). What is the highest common factor of r and 136?
17
Let u(a) = 10*a**2 + a + 1. Let t be u(-1). Let w(q) = -6*q**2 + 1. Let j be w(-1). Let n = -4 - j. What is the greatest common divisor of t and n?
1
Suppose 2*n = -n + 114. Let y = n + -28. Let v(b) = 21*b - 2. Let c be v(2). Calculate the highest common divisor of c and y.
10
Let y(m) = 11*m**2 + m - 4. Let c be 2/(-4)*0 + (19 - 17). Let k be y(c). What is the greatest common divisor of k and 14?
14
Suppose 3*q = -5*w + 6*q + 31, 0 = -2*q - 4. Suppose w*x - 6*x = -2. Let b = x - -4. What is the highest common factor of 15 and b?
3
Suppose 378 = -2*g + 9*g. Calculate the highest common divisor of g and 81.
27
Let k = 11 - 0. Suppose -3*n + 10 = -k. Suppose 4*u - 5*u = 0, 4*u = -t + n. Calculate the greatest common factor of 35 and t.
7
Let b be (-5)/(-2)*(-120)/(-5). Let m = 28 + 2. What is the highest common divisor of b and m?
30
Suppose -5*c = 2*z + z - 42, -2*z = 3*c - 27. Suppose -4 = 3*l - 31. What is the greatest common divisor of l and z?
9
Let n = -2008 - -2019. Calculate the greatest common divisor of 1452 and n.
11
Let h = 9 - 5. Suppose 12 = y - h*y. Let u(s) = s**2 + 3*s + 1. Let t be u(y). Calculate the greatest common factor of 20 and t.
5
Let c(d) = -3*d**2 - 135*d + 139. Let o be c(-46). Suppose -2*v = -7*v + 35. Calculate the greatest common factor of v and o.
1
Let b = 66 - 2. Suppose -4*a + 32 = 2*v, -4*v + a + b = 3*a. Calculate the greatest common factor of 112 and v.
16
Let j = 11 - 5. Suppose -w + j = 14. Let m = 14 + w. Calculate the highest common divisor of 24 and m.
6
Let c = 4 - 3. Let l(n) = 69*n + 1. Let o be l(c). Let i be ((-3)/12)/(3*(-6)/720). What is the highest common factor of o and i?
10
Let r(o) = 3*o**2 - 4*o - 1. Let k be r(3). Suppose 89 = s + k. Calculate the highest common factor of s and 25.
25
Let b(c) = -40*c + 246. Let m be b(6). Let y(z) = 6*z**2 - z + 1. Let x be y(1). Calculate the highest common divisor of m and x.
6
Let a be (4/(-6))/(411/207 + -2). Let w = a - 7. Suppose -i + 15 = y, 6 = 5*i - 4. What is the highest common factor of y and w?
13
Let m(a) = -16*a**3 - 2*a**2 - 4*a - 2. Let w be m(-1). What is the greatest common divisor of w and 4?
4
Suppose 45 - 30 = 5*k. What is the highest common factor of 15 and k?
3
Let z be (-6)/12*(-2)/(-1). Let i be z/(-3)*3 - -8. Let t(w) = -29*w + 357. Let l be t(12). Calculate the greatest common factor of i and l.
9
Suppose -4*o + 56 = w + w, -w = -3*o + 47. Let y be (-3)/3 + -12 + 168/6. Calculate the highest common divisor of o and y.
15
Suppose -208*y + 218*y - 200 = 0. Calculate the greatest common factor of y and 220.
20
Let p be 1/(-2)*230 + 3. Let m = p - -130. What is the greatest common divisor of 27 and m?
9
Let y(d) = -2*d**2 - 43*d. Let t be y(-21). What is the highest common divisor of t and 84?
21
Suppose 0 = 11*u + 5*u - 5472. What is the highest common factor of 190 and u?
38
Let k be (40/(-15) - -6)*6/5. Suppose 6*q = q. Suppose b = k*o + 